, 1103009
What are the prime factors of 17627384?
2, 23, 95801
List the prime factors of 23355105.
3, 5, 1557007
What are the prime factors of 220485992?
2, 27560749
What are the prime factors of 87032640?
2, 3, 5, 90659
List the prime factors of 230318005.
5, 59, 61, 12799
What are the prime factors of 1592902289?
11, 7243, 19993
What are the prime factors of 11162800?
2, 5, 11, 43, 59
What are the prime factors of 178435369?
7, 2347, 10861
What are the prime factors of 48292370?
2, 5, 7, 689891
What are the prime factors of 1065794642?
2, 11, 401, 120811
What are the prime factors of 4471035294?
2, 3, 11, 7229, 9371
What are the prime factors of 4086543257?
349, 11709293
List the prime factors of 51487822.
2, 3919, 6569
What are the prime factors of 68348765?
5, 13669753
List the prime factors of 3782973802.
2, 1891486901
List the prime factors of 1267831261.
1267831261
What are the prime factors of 491407863?
3, 6203, 26407
List the prime factors of 82235377.
7, 89, 109, 173
What are the prime factors of 52501233?
3, 17500411
What are the prime factors of 960119629?
7, 89, 461, 3343
What are the prime factors of 9977988?
2, 3, 229, 3631
List the prime factors of 262897465.
5, 52579493
List the prime factors of 294621393.
3, 11, 577, 15473
What are the prime factors of 409552456?
2, 51194057
List the prime factors of 2311998756.
2, 3, 192666563
What are the prime factors of 50679788?
2, 17, 37, 20143
What are the prime factors of 1347620879?
11, 122510989
List the prime factors of 53631296.
2, 199, 4211
List the prime factors of 26732137.
31, 27817
What are the prime factors of 52379545?
5, 10475909
List the prime factors of 535229314.
2, 3529, 75833
List the prime factors of 932458027.
107, 167, 52183
List the prime factors of 1261044746.
2, 13, 43, 1127947
List the prime factors of 43238249.
67, 645347
What are the prime factors of 70340833?
70340833
List the prime factors of 7535210897.
25391, 296767
List the prime factors of 13642282.
2, 6821141
List the prime factors of 5696969748.
2, 3, 474747479
What are the prime factors of 5277649113?
3, 11, 887, 60101
What are the prime factors of 29735511?
3, 13, 101, 7549
List the prime factors of 5610192798.
2, 3, 7, 23, 5807653
List the prime factors of 2910694979.
1171, 2485649
What are the prime factors of 40045286?
2, 97, 206419
What are the prime factors of 71651637?
3, 61, 130513
List the prime factors of 45070124.
2, 11, 1024321
What are the prime factors of 5827821549?
3, 11, 41, 89, 48397
List the prime factors of 1731724499.
17, 101866147
What are the prime factors of 795475657?
67, 11872771
What are the prime factors of 2889658442?
2, 11, 281, 467431
What are the prime factors of 542906773?
5011, 108343
List the prime factors of 77193140.
2, 5, 127, 30391
What are the prime factors of 1741211403?
3, 73, 7950737
What are the prime factors of 3946149581?
11, 358740871
What are the prime factors of 15706661?
29, 113, 4793
List the prime factors of 1198415566.
2, 599207783
What are the prime factors of 2186820316?
2, 546705079
List the prime factors of 4592165.
5, 918433
What are the prime factors of 281370258?
2, 3, 13, 1202437
List the prime factors of 77641377.
3, 11, 383, 6143
List the prime factors of 186545837.
487, 383051
List the prime factors of 2486665046.
2, 101, 12310223
What are the prime factors of 1752534?
2, 3, 7, 1987
What are the prime factors of 531895218?
2, 3, 17, 5214659
List the prime factors of 30497408.
2, 238261
What are the prime factors of 105882995?
5, 1051, 20149
What are the prime factors of 2406790636?
2, 11933, 50423
List the prime factors of 69491371.
69491371
What are the prime factors of 2655414?
2, 3, 29, 5087
What are the prime factors of 574319924?
2, 59, 379, 6421
List the prime factors of 33498603.
3, 23, 17981
List the prime factors of 793045259.
43, 239, 77167
What are the prime factors of 116803479?
3, 13, 2994961
What are the prime factors of 5713104?
2, 3, 41, 2903
List the prime factors of 912996382.
2, 43, 113, 93949
List the prime factors of 87457146.
2, 3, 7, 17, 122489
What are the prime factors of 39758140?
2, 5, 317, 6271
List the prime factors of 629304868.
2, 103, 499, 3061
List the prime factors of 74901111.
3, 443, 56359
What are the prime factors of 23428404?
2, 3, 29, 22441
What are the prime factors of 193847405?
5, 19, 1201, 1699
List the prime factors of 1311501736.
2, 5443, 30119
What are the prime factors of 71300806?
2, 19, 31, 60527
List the prime factors of 261500747.
41, 127, 50221
What are the prime factors of 31551152?
2, 61, 32327
List the prime factors of 4681588795.
5, 13, 72024443
List the prime factors of 152316402.
2, 3, 7, 518083
What are the prime factors of 60992799?
3, 7, 83, 4999
What are the prime factors of 381282214?
2, 269, 708703
What are the prime factors of 111628203?
3, 233, 159697
What are the prime factors of 403892183?
403892183
List the prime factors of 642634986.
2, 3, 7, 17, 19, 127, 373
What are the prime factors of 177232550?
2, 5, 11, 79, 4079
List the prime factors of 121110730.
2, 5, 13, 931621
List the prime factors of 2327681328.
2, 3, 7, 23, 359, 839
What are the prime factors of 193919?
11, 17, 61
List the prime factors of 187661567.
2111, 88897
What are the prime factors of 4474817589?
3, 11, 135600533
What are the prime factors of 114259721?
114259721
What are the prime factors of 190780055?
5, 23, 1658957
List the prime factors of 8391611.
1753, 4787
List the prime factors of 1135324809.
3, 41, 47, 21821
What are the prime factors of 205560762?
2, 3, 11, 71, 43867
What are the prime factors of 1314444396?
2, 3, 19, 883, 6529
List the prime factors of 427962043.
427962043
What are the prime factors of 13207828?
2, 3301957
List the prime factors of 2066293995.
3, 5, 31, 1091, 4073
What are the prime factors of 25122234?
2, 3, 43, 97373
What are the prime factors of 49836348?
2, 3, 1384343
List the prime factors of 603078755.
5, 683, 176597
List the prime factors of 224932149.
3, 13, 29, 66293
What are the prime factors of 319847709?
3, 101, 1055603
List the prime factors of 1154162025.
3, 5, 1361, 3769
What are the prime factors of 105220744?
2, 2251, 5843
List the prime factors of 2071020831.
3, 11, 47, 191, 6991
What are the prime factors of 63786604?
2, 7, 2278093
What are the prime factors of 101427758?
2, 50713879
List the prime factors of 23726825.
5, 73, 13001
List the prime factors of 157943372.
2, 769, 51347
List the prime factors of 224916134.
2, 9187, 12241
List the prime factors of 112364548.
2, 28091137
List the prime factors of 13251643.
53, 250031
List the prime factors of 82395768.
2, 3, 7, 13, 31, 1217
List the prime factors of 805231631.
43, 4211, 4447
List the prime factors of 4550298424.
2, 7, 81255329
What are the prime factors of 432259674?
2, 3, 7, 11, 29, 419
What are the prime factors of 8755300?
2, 5, 87553
List the prime factors of 395317272.
2, 3, 7, 331, 7109
List the prime factors of 202693589.
7, 28956227
What are the prime factors of 267259925?
5, 223, 47939
List the prime factors of 412993924.
2, 7, 14749783
What are the prime factors of 27692887?
101, 274187
What are the prime factors of 6044850584?
2, 79, 9564637
What are the prime factors of 23712230?
2, 5, 2371223
What are the prime factors of 26426839?
23, 71, 16183
List the prime factors of 460821535.
5, 19, 4850753
What are the prime factors of 74441556?
2, 3, 7, 67, 4409
List the prime factors of 245342716.
2, 79, 776401
List the prime factors of 2545099592.
2, 7, 23, 282287
What are the prime factors of 726453891?
3, 80717099
What are the prime factors of 1243468818?
2, 3, 69081601
List the prime factors of 3730241133.
3, 17, 8126887
List the prime factors of 1235503637.
1235503637
What are the prime factors of 1319095826?
2, 659547913
What are the prime factors of 193386733?
491, 393863
What are the prime factors of 1570572326?
2, 67, 11720689
What are the prime factors of 89518475?
5, 43, 83273
List the prime factors of 2046029267.
317, 421, 15331
What are the prime factors of 935697210?
2, 3, 5, 7, 67, 73, 911
List the prime factors of 272188799.
272188799
List the prime factors of 3917190987.
3, 12611, 34513
What are the prime factors of 546988072?
2, 68373509
List the prime factors of